 Let b = m + -74. List the prime factors of b.
5, 7
Let l = -240 - -245. Suppose 5*a - 91 = -4*f + 63, a = l*f - 178. List the prime factors of f.
2, 3
Suppose 398*f + 7 = 399*f. List the prime factors of f + (-13)/(26/(-1272)).
643
Suppose 0 = 3*q - 165 + 153. Suppose -1674 = -2*i + 2*g, q*i - 2*g - 4938 = -1584. List the prime factors of i.
2, 3, 5, 7
Let f be -11 + 18318/78 - 4/(-26). Suppose 2*h - 89 + f = k, 0 = k - 5*h - 126. List the prime factors of k.
3, 47
Suppose -638315 = -49*v + 216686. List the prime factors of v.
17449
Suppose -12*k + 378 = -33*k. What are the prime factors of 2 + 0 - (-141 + k)?
7, 23
Suppose -15 = 8*q + 65. Let h(f) = -f**3 - 12*f**2 - 24*f - 1. Let k be h(q). Let b = 167 - k. List the prime factors of b.
2
What are the prime factors of (250/8)/((-51)/(-10200))?
2, 5
Let z(u) = -28*u**2 + 3*u + 1. Let m be z(-2). Let b = 122 + m. Suppose -2*p - 124 = -4*p + 4*i, -209 = -4*p - b*i. List the prime factors of p.
2, 7
Suppose b + 0*b = 2*z - 31, 100 = 5*z + 2*b. Suppose f - 110 = -z. Let r = f + -40. What are the prime factors of r?
2, 13
Suppose 2*s = -3*h + 47714, 0 = -3*h + s - 8014 + 55734. List the prime factors of h.
2, 3, 11, 241
Suppose 0 = -44*k - 267 + 3. What are the prime factors of 2 + (-18361)/(-14) - (-9)/k?
2, 41
Let f(n) be the second derivative of n**4/12 - 14*n**3/3 + 49*n**2/2 + 8*n. List the prime factors of f(45).
2, 11, 37
Let h(p) = 2143*p**2 - 21*p + 1. What are the prime factors of h(-3)?
37, 523
Suppose -8*w + 50 = -10*w. Let k = -44 - w. Let t = k - -112. List the prime factors of t.
3, 31
Let v = -49074 - -76308. List the prime factors of v.
2, 3, 17, 89
Let r be (-1 + 10/3)*(-15 + 17 - -163). Let k = 37 - 18. Suppose k*i = 14*i + r. What are the prime factors of i?
7, 11
Let q be 18/((-9)/15 + (-36)/40). Let j be (2 - 60/25) + q/(-5). Suppose j*s = 164 - 20. What are the prime factors of s?
2, 3
Let n(q) = -q**2 + 40*q + 46. Let c be n(41). Suppose 6072 = c*h + h. What are the prime factors of h?
2, 11, 23
Let b(u) = -16*u + 8*u - u + 51*u - 59 + 32*u. What are the prime factors of b(15)?
1051
Suppose -94*y + 90*y + 836 = 4*n, -3*y = -3. List the prime factors of n.
2, 13
List the prime factors of 10129 + -6*(5 - (-102)/(-18)) + -4.
7, 1447
List the prime factors of (-14*(-14)/196)/(1/((-23388)/(-3))).
2, 1949
Suppose -1789825 = 94*r - 4569311. List the prime factors of r.
29569
Let b(m) = 26*m**2 - m. Let j(q) = -q**2 - 1. Let h(d) = b(d) + 3*j(d). Let y be h(-2). Let c = -78 + y. What are the prime factors of c?
13
Suppose -g - q + 0 = -9, 0 = -g - 2*q + 14. Suppose 2*z - 5*t + g*t - 1788 = 0, -3*t = 12. What are the prime factors of z?
2, 223
List the prime factors of (-26)/((-9)/(-48096)*-2036 + 3/8).
2, 13, 167
Let d = -358 + 358. Suppose -5*m + 2*m + 3*c + 3150 = d, 25 = 5*c. What are the prime factors of m?
5, 211
Let x(u) = 18*u**2 + 40*u + 1164. List the prime factors of x(44).
2, 7, 19, 71
Suppose -6*h = 3 - 21. Let d be h*2/8*6*2. Suppose 742 - 211 = d*p. What are the prime factors of p?
59
What are the prime factors of ((-8918)/6)/(13/468*-12)?
7, 13
Let l(o) = 41*o**2 + 49*o + 744. List the prime factors of l(-17).
2, 3, 5, 7
Suppose 0 = 21820*a - 21802*a - 28872. List the prime factors of a.
2, 401
Let h(n) = n**3 - 7*n**2 + n - 16. Let q be h(-9). Let d = q - -2555. What are the prime factors of d?
2, 617
Suppose 11*c + 13*c - 1179696 = -24*c. What are the prime factors of c?
7, 3511
Suppose 4*l - 9*l = -15. Suppose 2*u - 1068 = 5*b, l*b + 2*u + 628 = -0*u. Let d = -144 - b. What are the prime factors of d?
2, 17
What are the prime factors of 12 + (-511683)/(-18) - (-25)/(-30)?
2, 59, 241
Let l = 6035 + 11924. List the prime factors of l.
17959
Let b be (21/(-14))/((-6)/8). Suppose 0 = 5*v + 5*g - 80, -b = -g - 1. List the prime factors of ((-153)/v - (-1)/5)*-8.
2, 5
Suppose -4*x + 3*c - 29 = -9*x, x - 13 = -3*c. Suppose 18 - 50 = -5*h + u, x*h + 4*u = 16. Let l(g) = 3*g**2 - 8*g - 4. List the prime factors of l(h).
2, 7
Let w(a) = 1608*a**2 + 62*a + 5. What are the prime factors of w(-3)?
31, 461
Let f be -2 + 9/3 - 1. Suppose -3*r + 15 = -f. Suppose 2*x - 6 = -x, -3*x - 654 = -r*s. List the prime factors of s.
2, 3, 11
Suppose 46*w - 50*w = 4*n - 40204, 30183 = 3*n - 2*w. List the prime factors of n.
89, 113
Suppose -9 = c - r, 0 = -5*c + 2*r - 5 - 37. Let i = c + 48. Suppose -42*v + 524 = -i*v. What are the prime factors of v?
2, 131
Let k(z) = 28*z**2 - 60*z - 428. List the prime factors of k(-15).
2, 1693
Suppose 109*z = 138*z + 65685. Let m = -465 - z. List the prime factors of m.
2, 3, 5
Let z(i) = -i**3 + 21*i**2 + 18. What are the prime factors of z(-15)?
2, 3, 11, 41
Suppose -3*c + 5*g + 7 = 0, 2*g = -4*c + 24 + 20. Let o(b) = 2*b + 0*b + 2*b**2 + c*b**2 - 3*b - 5. What are the prime factors of o(-3)?
97
Let m(v) = 2*v**2 + 10 - v**2 - 3*v**2 - 17*v. Let y be m(-8). List the prime factors of 10/45 + 176/y.
2, 5
Let d(t) = -254*t - 1739. List the prime factors of d(-7).
3, 13
Let a(r) = -r**3 - r**2 + 8*r + 4. Suppose 3 = j, 0 = -0*h - 4*h + 3*j - 25. Let p be a(h). Let v(w) = -w**2 + 22*w + 29. What are the prime factors of v(p)?
3, 23
List the prime factors of (-6)/((-36)/(-42)) + 16027 - -10.
2, 5, 7, 229
Suppose 0 = 2*h - 2*o + 2, 2*h - 3*o + 6 = -0*o. Suppose -1 = -h*t + 11. Suppose 0 = -2*g - 3*g + 5*q + 505, -4 = t*q. List the prime factors of g.
2, 5
Let o = -7191 + 14205. List the prime factors of o.
2, 3, 7, 167
Let t = -644 + 962. Suppose 3*v - 510 = -5*l, 0*l = -2*v + 4*l + t. List the prime factors of v.
3, 5, 11
Let s(f) = 7*f**2 - 28*f - 233. List the prime factors of s(62).
3, 17, 163
Suppose -3*s + 3*v + 45 = -2*v, s = -v + 7. Let p be ((-368)/s)/((-22)/110). Let d = p + -109. List the prime factors of d.
3, 5
Suppose d = 2*d + 4*f + 14, d + 5*f + 12 = 0. Let o = d + 23. What are the prime factors of 23 - (-1 - o)/(1 + 1)?
2, 3
Let i(v) be the third derivative of 1/40*v**6 + 1/60*v**5 + 0*v - 5/6*v**3 - 6*v**2 + 1/12*v**4 + 0. List the prime factors of i(3).
7, 13
Let z(m) = 119*m**2 - 502*m + 92. What are the prime factors of z(-19)?
43, 1223
What are the prime factors of (26 + -9 - 783)*17/(-2)?
17, 383
Let q(y) = y**3 - y**2 - y + 22. Suppose 2*l + 24 = 8*l. Let c = l - 4. What are the prime factors of q(c)?
2, 11
Let w = -41031 + 71627. List the prime factors of w.
2, 7649
Let z = -125551 - -189810. What are the prime factors of z?
13, 4943
Suppose 12 - 6 = 3*m. Suppose -3*p + 4*h + 35 = 0, -m*p - h + 20 = -7. Let j(s) = -s**2 + 19*s + 18. List the prime factors of j(p).
2, 3
What are the prime factors of 24*18/648*15654/4?
2609
Let y(i) be the second derivative of 295*i**3/3 - i**2 - 15*i. Let c be y(1). Suppose -2*f - 3*f + 5*u + 735 = 0, -4*f = -u - c. List the prime factors of f.
3, 7
Let j(w) = -w**2 + 18*w - 20. Let a be j(20). Let s = a + 65. Suppose 347 = s*x - 413. List the prime factors of x.
2, 19
Suppose 0 = 5*t + 2 - 27, 3*m + 3*t - 45 = 0. Let b be 4/m - (-172)/20. Suppose b*i = -0*i + 153. What are the prime factors of i?
17
Suppose 4*j - 3*b + 23 = 0, b - 7 = -6. List the prime factors of -5*326/j + -6.
2, 5
Let j(l) = 3*l + 4. Let w(o) = -2*o - 2. Let i(p) = 6*j(p) + 14*w(p). Let v be i(5). Let n = v + 170. List the prime factors of n.
2, 29
Suppose -h + 2*j - 31 = -115, 5*h = 5*j + 405. Let o = 101 - h. What are the prime factors of o?
23
Suppose 0 = -4*j + 5*w - 223, 3*j - 7*j - 258 = 2*w. Let f = j + 181. What are the prime factors of f?
7, 17
Suppose d - 5308 = -4*i - 4*d, -4*d = 0. Suppose i = 6*k - 2063. Suppose -8*g - 37 = -k. What are the prime factors of g?
2, 3, 11
Suppose 2*z + 889 = 3*c + 306, -5*z - 216 = -c. Let i = 459 - c. List the prime factors of i.
2, 67
Let c(b) = b + 33*b**2 - 23*b**2 + 17*b**2. What are the prime factors of c(4)?
2, 109
Let a be 39/18 - -2 - 1/6. Let z(t) = 25*t - 25. Let n be z(a). Suppose 8*p + n = 1283. What are the prime factors of p?
151
Let z(j) = 6*j**2 - 3*j. Let f be ((-4)/(-3))/((-2)/6). Let o(l) = 3*l + 16. Let v be o(f). What are the prime factors of z(v)?
2, 3, 7
Let u(n) = 315*n**2 - 46*n + 208. List the prime factors of u(6).
2, 1409
Suppose 8*m = -59 + 75. What are the prime factors of ((m - -4)/6)/(2/278)?
139
Let d = 48871 + -28690. List the prime factors of d.
